 69156807?
3, 673, 34253
List the prime factors of 202055240.
2, 5, 73, 69197
What are the prime factors of 341617212?
2, 3, 9489367
List the prime factors of 2339388063.
3, 9341, 27827
List the prime factors of 701188202.
2, 11, 13, 599, 4093
What are the prime factors of 206204977?
11, 1543, 12149
List the prime factors of 42632962.
2, 21316481
What are the prime factors of 596695375?
5, 101, 151, 313
What are the prime factors of 2975136?
2, 3, 17, 1823
List the prime factors of 8064761777.
131, 61563067
What are the prime factors of 42902909?
7, 6128987
What are the prime factors of 1567905?
3, 5, 104527
List the prime factors of 544414395.
3, 5, 7, 47, 107, 1031
What are the prime factors of 896835197?
727, 1233611
List the prime factors of 1304474030.
2, 5, 130447403
What are the prime factors of 5744549651?
29, 198087919
List the prime factors of 10725495.
3, 5, 11, 65003
What are the prime factors of 264093026?
2, 191, 691343
What are the prime factors of 1700258918?
2, 850129459
List the prime factors of 6932904939.
3, 28530473
List the prime factors of 353874513.
3, 117958171
List the prime factors of 1600867111.
1291, 1240021
List the prime factors of 557369823.
3, 3461, 53681
What are the prime factors of 425620459?
11, 38692769
List the prime factors of 87870917.
1307, 67231
What are the prime factors of 174962538?
2, 3, 17, 190591
What are the prime factors of 158822924?
2, 13, 739, 4133
List the prime factors of 19576980.
2, 3, 5, 108761
List the prime factors of 533990303.
7, 11, 601, 1049
What are the prime factors of 6484882?
2, 73, 44417
What are the prime factors of 25851?
3, 7, 1231
List the prime factors of 122848070.
2, 5, 12284807
What are the prime factors of 124271150?
2, 5, 227, 10949
What are the prime factors of 37762230?
2, 3, 5, 11, 41, 2791
List the prime factors of 6103694.
2, 23, 132689
What are the prime factors of 81214726?
2, 40607363
List the prime factors of 19136439.
3, 7, 19, 73
List the prime factors of 237223530.
2, 3, 5, 241, 10937
List the prime factors of 867228676.
2, 10687, 20287
What are the prime factors of 293931873?
3, 181, 180437
List the prime factors of 47516031.
3, 1087, 1619
What are the prime factors of 36315216?
2, 3, 7, 4003
List the prime factors of 140466945.
3, 5, 9364463
What are the prime factors of 29131779?
3, 1049, 9257
List the prime factors of 2517543568.
2, 23, 571, 11981
What are the prime factors of 4777909596?
2, 3, 31, 1093, 3917
List the prime factors of 3849660345.
3, 5, 269, 954067
List the prime factors of 2286921336.
2, 3, 7, 31, 62731
What are the prime factors of 38892582?
2, 3, 19, 37907
What are the prime factors of 7609255?
5, 769, 1979
What are the prime factors of 828380994?
2, 3, 7, 397, 49681
List the prime factors of 890116268.
2, 31, 47, 163, 937
What are the prime factors of 610347665?
5, 23, 1657, 3203
List the prime factors of 504429794.
2, 11, 1867, 12281
List the prime factors of 166418586.
2, 3, 59, 156703
What are the prime factors of 126515332?
2, 3559, 8887
What are the prime factors of 63455544?
2, 3, 881327
List the prime factors of 1245935465.
5, 79, 3154267
What are the prime factors of 36277871?
7, 37, 140069
List the prime factors of 2061410837.
17, 121259461
List the prime factors of 32774724.
2, 3, 23, 1721
List the prime factors of 163364498.
2, 11, 1889, 3931
List the prime factors of 66131763.
3, 2503, 8807
What are the prime factors of 749322842?
2, 23, 3449, 4723
What are the prime factors of 8932699965?
3, 5, 7, 3709, 22937
What are the prime factors of 4717768574?
2, 2358884287
List the prime factors of 3498302590.
2, 5, 47, 113, 199, 331
What are the prime factors of 3721240159?
7, 13, 40892749
What are the prime factors of 5509567918?
2, 2754783959
List the prime factors of 9067681026.
2, 3, 389, 431671
List the prime factors of 5751156608.
2, 643, 69877
What are the prime factors of 14119283?
14119283
What are the prime factors of 939977058?
2, 3, 29, 419, 12893
What are the prime factors of 1073272349?
257, 4176157
List the prime factors of 603343233.
3, 19, 3528323
What are the prime factors of 107058549?
3, 13, 2745091
What are the prime factors of 26619892?
2, 13, 17, 30113
List the prime factors of 622528156.
2, 155632039
What are the prime factors of 1966209753?
3, 157, 1523, 2741
List the prime factors of 638028980.
2, 5, 31, 331, 3109
What are the prime factors of 244590595?
5, 3343, 14633
List the prime factors of 126602221.
73, 1734277
List the prime factors of 50803492.
2, 19, 401, 1667
List the prime factors of 354629184.
2, 3, 7, 13, 20297
List the prime factors of 3502438.
2, 223, 7853
List the prime factors of 1228987817.
17, 4252553
List the prime factors of 1506696217.
13, 115899709
What are the prime factors of 71721648?
2, 3, 173, 2879
What are the prime factors of 153501157?
153501157
What are the prime factors of 56434603?
769, 73387
List the prime factors of 2043435.
3, 5, 23, 5923
What are the prime factors of 11926864?
2, 71, 10499
List the prime factors of 30634726.
2, 19, 806177
List the prime factors of 143737176.
2, 3, 11, 17, 32027
What are the prime factors of 1451256941?
1451256941
What are the prime factors of 2465212786?
2, 1232606393
What are the prime factors of 145993472?
2, 383, 1489
What are the prime factors of 954620364?
2, 3, 2053, 38749
List the prime factors of 5199194135.
5, 677, 773, 1987
What are the prime factors of 81881460?
2, 3, 5, 43, 71, 149
What are the prime factors of 42955116?
2, 3, 1579, 2267
List the prime factors of 31265950.
2, 5, 625319
What are the prime factors of 6794839266?
2, 3, 701, 1615511
What are the prime factors of 774951831?
3, 149, 317, 1823
List the prime factors of 949664413.
59, 193, 83399
List the prime factors of 2388937397.
7, 11, 31025161
What are the prime factors of 192669671?
19, 533711
What are the prime factors of 2639762923?
7, 23, 16396043
List the prime factors of 61307137.
7699, 7963
What are the prime factors of 247603163?
199, 839, 1483
List the prime factors of 651312016.
2, 257, 158393
What are the prime factors of 138030547?
349, 409, 967
What are the prime factors of 228057232?
2, 13, 107, 10247
What are the prime factors of 3044883276?
2, 3, 5861, 14431
List the prime factors of 1000825128.
2, 3, 23, 199, 3037
What are the prime factors of 4269507407?
11, 41, 9466757
List the prime factors of 348645433.
348645433
List the prime factors of 333620419.
11, 31, 978359
List the prime factors of 3881499739.
13, 31, 131, 73523
What are the prime factors of 200083215?
3, 5, 53, 251677
List the prime factors of 31418378.
2, 109, 167, 863
List the prime factors of 4468811391.
3, 11, 5015501
What are the prime factors of 168026803?
7, 1753, 13693
List the prime factors of 26623932.
2, 3, 1051, 2111
What are the prime factors of 885929503?
53, 2663, 6277
What are the prime factors of 131562878?
2, 19, 3462181
List the prime factors of 165430064.
2, 239, 43261
What are the prime factors of 80407442?
2, 59, 681419
What are the prime factors of 310090426?
2, 155045213
What are the prime factors of 2738372139?
3, 43, 47, 150551
What are the prime factors of 274577771?
13, 29, 157, 4639
List the prime factors of 74969552.
2, 7, 669371
List the prime factors of 2504220110.
2, 5, 7, 167, 214219
What are the prime factors of 4329439547?
4329439547
What are the prime factors of 30016428?
2, 3, 13, 19, 41
What are the prime factors of 1048245965?
5, 13, 16126861
What are the prime factors of 3555912827?
3555912827
List the prime factors of 56056411.
103, 109, 4993
What are the prime factors of 50579788?
2, 7, 1806421
List the prime factors of 4160353503.
3, 83, 127, 131561
List the prime factors of 51362524.
2, 12840631
What are the prime factors of 11112621?
3, 13, 83, 3433
What are the prime factors of 555569756?
2, 7, 353, 56209
What are the prime factors of 58632109?
58632109
What are the prime factors of 231498373?
179, 1293287
What are the prime factors of 14574039?
3, 173, 28081
What are the prime factors of 402417906?
2, 3, 11, 6097241
List the prime factors of 525429694.
2, 262714847
What are the prime factors of 647245483?
4787, 135209
List the prime factors of 244228617.
3, 821, 33053
List the prime factors of 3018411495.
3, 5, 11, 29, 28